number?
True
Is 2 - 11/6 - (-3351955)/498 a composite number?
True
Let s be 272248/8 - 1/(1/3). Is -5*3/25 + s/5 a composite number?
True
Suppose 3*a + 2*x = 6957 + 4450, 3*x + 11412 = 3*a. Let n = -2266 + a. Is n a composite number?
True
Let p(a) = 3*a - 8. Let x be p(12). Let l = x + -28. Suppose -r + 4*n + 1089 = -l*r, 3*r - 3317 = 2*n. Is r a prime number?
True
Let w(p) be the first derivative of -2*p**2 - 11 + 5*p + 22/3*p**3. Is w(3) a prime number?
True
Suppose 4*q + 26 = -v + 4*v, 0 = -4*q - 20. Let j be 2 - 2 - -1 - (-1 - v). Let o = 41 - j. Is o a prime number?
True
Let z = 363 + -348. Is 1029 + z/(-3) - -7 a prime number?
True
Let k be (-12)/(-8)*167272/12. Is k/(-35)*30/(-6) a prime number?
False
Let o = -12 - -14. Let a(v) = v**3 - 2*v**2 + v + 2. Let g be a(o). Suppose g*x = 5*b - 3*b + 1012, -3*x = -b - 757. Is x a prime number?
True
Let m(z) = -10*z**3 - 3*z**2 + 2. Let u be m(1). Let b(a) = 3*a**2 - 28*a - 9. Is b(u) a composite number?
True
Suppose -4*w + 77*a - 82*a + 312153 = 0, -3*a - 21 = 0. Is w composite?
True
Let c = -26 - -64. Let l = c + -260. Let j = l + 349. Is j prime?
True
Let p = 160 + -154. Is p/18 - 1228/(-6) a composite number?
True
Suppose 4*p - 1097*t + 1099*t = 501520, -125385 = -p + 2*t. Is p a prime number?
False
Let q(s) = s**3 + 49*s**2 + 121*s + 1634. Is q(-45) prime?
True
Is 1/(57/(-38) - 2636492/(-1757656)) composite?
False
Suppose 0 = -5*r, -5*p + 21345 - 1400 = -3*r. Is p composite?
False
Suppose g = 4*y - 1281, -2*y - 1311 = 3*g - 2*g. Let a = g + 2434. Is a composite?
True
Suppose 17*t - 18*t = 4*m - 5443118, -m + 2*t + 1360793 = 0. Is m composite?
False
Let n = 51 + -55. Let x(p) = -1023*p - 43. Is x(n) prime?
True
Suppose g + 17 = -4*h, 5*h + 45 - 10 = -4*g. Let o(f) be the first derivative of 95*f**3/3 - 5*f**2/2 - 17*f - 10. Is o(h) composite?
False
Let f = 3401 - -1589. Suppose -5*x + f = -9295. Is x composite?
False
Let h = 197 - 183. Let k(q) = 5*q**2 + 14*q - 25. Is k(h) a prime number?
True
Let v(d) be the first derivative of -8 + 1/4*d**4 + 4*d - 4/3*d**3 + 9/2*d**2. Is v(5) composite?
True
Suppose -185724407 - 439017593 = -207*x - 193*x. Is x composite?
True
Let o(l) = -63*l + 117. Let w be o(3). Is w/(-684) - 347734/(-38) prime?
True
Suppose 2524 = p - 10*j + 7*j, 3*j = -3*p + 7632. Is p prime?
True
Suppose 8*d = 10*d - 8. Suppose 151 = -y - d*h + 3628, 4*h = y - 3437. Is y prime?
True
Suppose 0 = f - n - 31 + 17, -4*f - 5*n + 83 = 0. Suppose -2*o - 47055 = -f*o. Is o prime?
True
Let c = 284 - 106. Is (c/4)/(38/1444) a composite number?
True
Let l = -2155 - -3284. Suppose 5*g = 6528 + 342. Suppose l = x - g. Is x a composite number?
False
Suppose -2*u - 2 = -0, 4*u - 76 = 2*y. Let k = y + 45. Suppose -l - 3516 = -k*l. Is l composite?
True
Let u = -794 + 764. Let f(k) = k**3 + 43*k**2 - 4*k + 67. Is f(u) prime?
True
Suppose 53*y - 57*y + 213210 = 2*g, 3*y = 3*g + 159876. Is y prime?
True
Let x be 1/((-21)/3) - (-8514)/63. Suppose -9*k = -0*k - x. Is ((-36435)/k)/(((-2)/1)/2) a composite number?
True
Let q = 484052 - 243411. Is q a composite number?
False
Let c(z) = -2*z**3 - 3*z**2 + 2*z + 4. Suppose -4*t - 7 = 5, 5 = -4*d + t. Let m be c(d). Suppose m*q + 2*j = -0*j + 1972, q - 487 = j. Is q composite?
False
Let a(o) = 4*o**3 - 65*o**2 + 413*o - 21. Is a(38) prime?
True
Let q(y) = -y**3 - 4*y**2 + 25*y + 16. Let o be q(-7). Is 9/o - 22795/(-20) a prime number?
False
Suppose 72*a - 13280876 = 4*a. Is a a prime number?
False
Suppose 2*u = 25*q - 30*q + 2308672, 0 = 3*u - 2*q - 3463008. Suppose 25*a + 7*a = u. Is a prime?
True
Let k be (-634)/(-42) - (-52)/(-546). Suppose -k*t = -16*t + 5873. Is t a prime number?
False
Let n = -48 + 51. Suppose -5*b = -o + 3*o - 20, n*b = 5*o - 19. Suppose -2*d = 4*k - 1274, k + k - 617 = -o*d. Is k composite?
True
Suppose -2*h + h - 118 = -3*d, 2*d - 3*h - 81 = 0. Suppose 0 = 5*p - d - 41. Suppose p = 3*y - c, 0 = -5*y + 4*c + 14 + 8. Is y composite?
True
Let g = -286 - -287. Is (10 - 5) + 4*519*g prime?
True
Let j = 201229 - 103960. Is j a prime number?
False
Is 73713/21 - 2/(-14)*6 composite?
False
Is ((-13270772)/(-16))/(-12 - 1127/(-92)) composite?
False
Let f = 1075 - -40. Suppose f = 5*q - 4*q + 2*i, 1139 = q - 4*i. Is q a prime number?
True
Suppose s + 9 = -5. Let w be (-21)/s*112/12. Is 150 - (-7)/(w/(-10)) a composite number?
True
Suppose 20*k + 135 = -7*k. Let s(q) = 302*q**2 + 11*q - 2. Is s(k) composite?
True
Let j(x) = -x**3 + 18*x**2 + 66*x - 5. Let g be j(-8). Suppose i + 1092 = 4*i. Let f = g - i. Is f a prime number?
False
Let y be (-3)/9 + 26/6. Suppose y*s - 810 = -130. Suppose 2*n = -2*a + 72, -3*a - 3*n + s = 2*a. Is a composite?
False
Suppose -39014 = -7*d + 3966. Suppose -4*i + d = -0*i + l, 4*l + 1535 = i. Is i a prime number?
False
Let x = 146732 - -38797. Is x composite?
True
Let i(r) = 120*r**2 + 6*r - 653. Is i(50) composite?
True
Is 4163229/147 + (-8)/28 prime?
False
Suppose 3*n - 88781 = -4*m, 2*n + 3*n - 147991 = -m. Is n prime?
True
Suppose 85*j - 36 = 81*j, 4*d + 3*j = 1810039. Is d a prime number?
False
Suppose 4*b + 382 = 2*u, -4*u + 2*b = u - 931. Suppose -176*r + u*r = 71433. Is r prime?
True
Let s(x) be the third derivative of -x**6/60 - 2*x**5/15 - 11*x**4/12 + x**3/2 + 75*x**2 + x. Suppose -11 + 1 = p. Is s(p) composite?
False
Let u(y) = 737*y**2 - 146*y - 94. Is u(-17) prime?
True
Suppose 463*t = 436*t - 408844 + 3233665. Is t composite?
False
Suppose -16*c = -24*c - 53*c + 42312589. Is c prime?
False
Let d(i) = -168*i - 1. Let x(h) = -335*h - 2. Let p(m) = 11*d(m) - 6*x(m). Let q be p(9). Suppose q = -f + 6*f + 2*v, -2*f = v - 584. Is f a prime number?
False
Let k be (12/(-14) + (-7)/49)*-7. Let m be (4433/(-7))/1 - (-2)/k. Let u = m + 1370. Is u composite?
True
Is 7/56 - 7174220/(-160) composite?
False
Let z be -5*(-10)/(-225) - 50/18. Let o(u) = -u**3 + 2*u**2 + 4*u + 1. Let x be o(3). Is (34/z + x)/((-4)/246) a prime number?
False
Suppose 2*t + 280 = -3*t. Let y = t + 70. Let d(u) = 30*u - 38. Is d(y) prime?
False
Let w be 46*(-5 - -4 - -2) - -1. Suppose -35*v - 214116 = -w*v. Is v composite?
True
Suppose -12*z = -13*z + 2*l + 17385, 3*z = 5*l + 52151. Is z prime?
True
Let s(b) = 3*b**2 + b. Let w(a) = 36*a**2 - 3*a - 25. Let f(g) = -6*s(g) + w(g). Is f(10) composite?
True
Is ((-1192197)/12)/(132/(-528)) prime?
False
Suppose -22*d + 8 = -18*d. Suppose -u + d*g - 8282 = 3*u, -5*g + 10360 = -5*u. Let t = -1378 - u. Is t a composite number?
False
Let f(y) = -143*y**3 + 3*y**2 + 10*y + 3. Let o be f(-3). Suppose -l + o = -136. Is l a prime number?
False
Suppose -v = z - 146784, -3*v + 255*z + 440332 = 254*z. Is v a prime number?
False
Let x(c) = -c**3 - 44*c + 54*c**2 + 3 + 8*c**2 - 24*c**2. Is x(22) composite?
False
Let h(y) = 1 + 20*y**2 + 4*y - 4 + 0. Suppose 4*t - t + 3*v = 0, 2*v + 5 = -t. Is h(t) composite?
True
Suppose -4*h - 10520 = -4*v + 2*v, 2*h + 2*v + 5266 = 0. Suppose -5*g = -8*g + 12138. Let r = h + g. Is r a composite number?
True
Let r be -1*(-19374 + 3 + 6). Suppose -5*a = 35*y - 40*y + r, 3*a + 15496 = 4*y. Is y a prime number?
True
Suppose 164*g - 19915628 - 8477856 = 0. Is g a composite number?
True
Suppose -4*j + 229 = -8*j - 3*r, -2*r = -3*j - 176. Let i = j + 60. Suppose -p + 1923 = i*p. Is p composite?
False
Suppose -2*s + 3*n = -5975, -3*s - 3*n + 6485 = -2515. Suppose 2*d - s + 502 = 5*l, d + 2*l = 1269. Is d composite?
False
Let l = 345 + -153. Let f = 498 + 187. Let k = f + l. Is k a composite number?
False
Suppose 74*c + 67*c - 3220695 = 6*c. Is c a prime number?
True
Suppose 818132 = r + 45*r - 10883762. Is r prime?
True
Let a = -4473 - -6340. Suppose o = 5*f - 3*o - a, -739 = -2*f - o. Is f a prime number?
False
Suppose 2*m = 8 - 0. Suppose -m*v - 4592 = -11*v. Let p = v - 249. Is p prime?
False
Suppose 0 = -j - j + 6. Suppose -4251 = j*q - 543. Let n = q - -2285. Is n composite?
False
Let i(q) = 219039*q**3 - 16*q**2 + 21*q - 6. Is i(1) a prime number?
False
Let p = -149 - -153. Suppose 3*w - 12414 = -6*d + d, 16581 = p*w - 3*d. Is w a prime number?
False
Is ((-4)/50 + 2392/1150)*(-224236)/(-8) a prime number?
False
Let f = 56 + -51. Suppose f*r - 5*y + 25 = 0, 3*y + 2 - 17 = -3*r. Suppose 7*w - 3*w - 460 = r. Is w a composite number?
True
Let l = -92286 + 208349. Is l a pri